{"id":7248,"date":"2026-05-08T16:24:20","date_gmt":"2026-05-08T19:24:20","guid":{"rendered":"https:\/\/farahveiculos.com.br\/?post_type=product&#038;p=7248"},"modified":"2026-05-08T16:24:20","modified_gmt":"2026-05-08T19:24:20","slug":"sandero-authentic-1-0-2018","status":"publish","type":"product","link":"https:\/\/farahveiculos.com.br\/index.php\/produto\/sandero-authentic-1-0-2018\/","title":{"rendered":"SANDERO AUTHENTIC 1.0 &#8211; 2018"},"content":{"rendered":"","protected":false},"excerpt":{"rendered":"<blockquote>\n<h3>SANDERO AUTHENTIC 1.0 &#8211; 2018<br \/>\nR$44.000<\/h3>\n<\/blockquote>\n<ul>\n<li><strong>Destaques:<\/strong><br \/>\n116mkm<\/li>\n<li><strong>Conforto:<\/strong><br \/>\nAr Condicionado<br \/>\nDire\u00e7\u00e3o El\u00e9trica<br \/>\nVidros El\u00e9tricos<br \/>\nTravas El\u00e9tricas<br \/>\nFreios ABS<br \/>\nAir Bag Duplo<\/li>\n<\/ul>\n[Form id=\"1\"]\n","protected":false},"featured_media":7249,"template":"","meta":[],"product_cat":[94],"product_tag":[],"_links":{"self":[{"href":"https:\/\/farahveiculos.com.br\/index.php\/wp-json\/wp\/v2\/product\/7248"}],"collection":[{"href":"https:\/\/farahveiculos.com.br\/index.php\/wp-json\/wp\/v2\/product"}],"about":[{"href":"https:\/\/farahveiculos.com.br\/index.php\/wp-json\/wp\/v2\/types\/product"}],"wp:featuredmedia":[{"embeddable":true,"href":"https:\/\/farahveiculos.com.br\/index.php\/wp-json\/wp\/v2\/media\/7249"}],"wp:attachment":[{"href":"https:\/\/farahveiculos.com.br\/index.php\/wp-json\/wp\/v2\/media?parent=7248"}],"wp:term":[{"taxonomy":"product_cat","embeddable":true,"href":"https:\/\/farahveiculos.com.br\/index.php\/wp-json\/wp\/v2\/product_cat?post=7248"},{"taxonomy":"product_tag","embeddable":true,"href":"https:\/\/farahveiculos.com.br\/index.php\/wp-json\/wp\/v2\/product_tag?post=7248"}],"curies":[{"name":"wp","href":"https:\/\/api.w.org\/{rel}","templated":true}]}}