{"id":7159,"date":"2026-04-11T10:51:48","date_gmt":"2026-04-11T13:51:48","guid":{"rendered":"https:\/\/farahveiculos.com.br\/?post_type=product&#038;p=7159"},"modified":"2026-04-11T10:51:48","modified_gmt":"2026-04-11T13:51:48","slug":"cobalt-ls-1-4-2013","status":"publish","type":"product","link":"https:\/\/farahveiculos.com.br\/index.php\/produto\/cobalt-ls-1-4-2013\/","title":{"rendered":"COBALT LS 1.4 &#8211; 2013"},"content":{"rendered":"","protected":false},"excerpt":{"rendered":"<blockquote>\n<h3>COBALT 1.4 LS &#8211; 2013<br \/>\nR$39.000<\/h3>\n<\/blockquote>\n<ul>\n<li><strong>172mkm<\/strong><\/li>\n<li><strong>Conforto:<\/strong><br \/>\nAr Condicionado<br \/>\nDire\u00e7\u00e3o Hidr\u00e1ulica<br \/>\nVidros El\u00e9tricos<br \/>\nTravas El\u00e9tricas<br \/>\nAjuste de Altura do Banco<br \/>\nR\u00e1dio<\/li>\n<\/ul>\n[Form id=\"1\"]\n","protected":false},"featured_media":7160,"template":"","meta":[],"product_cat":[94],"product_tag":[],"_links":{"self":[{"href":"https:\/\/farahveiculos.com.br\/index.php\/wp-json\/wp\/v2\/product\/7159"}],"collection":[{"href":"https:\/\/farahveiculos.com.br\/index.php\/wp-json\/wp\/v2\/product"}],"about":[{"href":"https:\/\/farahveiculos.com.br\/index.php\/wp-json\/wp\/v2\/types\/product"}],"wp:featuredmedia":[{"embeddable":true,"href":"https:\/\/farahveiculos.com.br\/index.php\/wp-json\/wp\/v2\/media\/7160"}],"wp:attachment":[{"href":"https:\/\/farahveiculos.com.br\/index.php\/wp-json\/wp\/v2\/media?parent=7159"}],"wp:term":[{"taxonomy":"product_cat","embeddable":true,"href":"https:\/\/farahveiculos.com.br\/index.php\/wp-json\/wp\/v2\/product_cat?post=7159"},{"taxonomy":"product_tag","embeddable":true,"href":"https:\/\/farahveiculos.com.br\/index.php\/wp-json\/wp\/v2\/product_tag?post=7159"}],"curies":[{"name":"wp","href":"https:\/\/api.w.org\/{rel}","templated":true}]}}